
What is the remainder when 6811668 is divided by 309?
72
What is the remainder when 1152253 is divided by 60644?
17
Calculate the remainder when 1030242 is divided by 1726.
1546
What is the remainder when 561063 is divided by 23?
1
Calculate the remainder when 131068 is divided by 18601.
861
What is the remainder when 268925585 is divided by 104?
97
Calculate the remainder when 136185 is divided by 130.
75
Calculate the remainder when 75466060 is divided by 2209.
2202
Calculate the remainder when 4575465 is divided by 60.
45
Calculate the remainder when 4673700 is divided by 311.
303
What is the remainder when 7818081 is divided by 120278?
11
What is the remainder when 40673103 is divided by 14?
9
What is the remainder when 103310581 is divided by 863?
851
Calculate the remainder when 360476 is divided by 10.
6
What is the remainder when 1606697 is divided by 4796?
37
Calculate the remainder when 6404074 is divided by 1280789.
129
What is the remainder when 742681 is divided by 162?
73
Calculate the remainder when 8777845 is divided by 5756.
5701
Calculate the remainder when 370699 is divided by 74119.
104
What is the remainder when 21706949 is divided by 25270?
19
Calculate the remainder when 3317780 is divided by 4545.
4475
What is the remainder when 14751 is divided by 1334?
77
Calculate the remainder when 19438 is divided by 423.
403
Calculate the remainder when 17178 is divided by 2764.
594
Calculate the remainder when 18739133 is divided by 634.
629
Calculate the remainder when 140997 is divided by 70232.
533
What is the remainder when 18037502 is divided by 1461?
1457
Calculate the remainder when 1093885 is divided by 546788.
309
What is the remainder when 257070 is divided by 14634?
8292
What is the remainder when 780420 is divided by 130070?
0
What is the remainder when 42675589 is divided by 2593?
2588
What is the remainder when 4332011 is divided by 4589?
4584
What is the remainder when 849113 is divided by 6904?
6825
Calculate the remainder when 210516104 is divided by 132.
128
Calculate the remainder when 12063196 is divided by 36778.
12
What is the remainder when 2576028 is divided by 311?
15
What is the remainder when 203388 is divided by 203360?
28
What is the remainder when 18087893 is divided by 130?
83
Calculate the remainder when 127630 is divided by 3.
1
What is the remainder when 3669622 is divided by 3?
1
What is the remainder when 107712308 is divided by 23?
19
Calculate the remainder when 5294163 is divided by 339.
0
What is the remainder when 2273320 is divided by 2273250?
70
What is the remainder when 30029 is divided by 8958?
3155
Calculate the remainder when 609704 is divided by 87031.
487
Calculate the remainder when 8291980 is divided by 126.
46
What is the remainder when 9070761 is divided by 89809?
52
Calculate the remainder when 14304401 is divided by 376431.
23
What is the remainder when 224312023 is divided by 595?
593
Calculate the remainder when 155294 is divided by 143.
139
Calculate the remainder when 398919 is divided by 19903.
859
Calculate the remainder when 84573920 is divided by 1069.
1054
What is the remainder when 4727635 is divided by 105?
10
What is the remainder when 326546 is divided by 18138?
62
Calculate the remainder when 38310908 is divided by 113.
66
What is the remainder when 21186 is divided by 20992?
194
What is the remainder when 6649355 is divided by 4156?
3911
What is the remainder when 8354694 is divided by 49?
47
Calculate the remainder when 5594565 is divided by 5594552.
13
What is the remainder when 60676 is divided by 1219?
945
Calculate the remainder when 21351007 is divided by 2105.
2097
Calculate the remainder when 195337907 is divided by 668.
11
What is the remainder when 110485515 is divided by 20?
15
Calculate the remainder when 91641 is divided by 9098.
661
What is the remainder when 16811 is divided by 8117?
577
Calculate the remainder when 65488 is divided by 321.
4
Calculate the remainder when 7048243 is divided by 7.
6
Calculate the remainder when 374163 is divided by 93536.
19
Calculate the remainder when 39402215 is divided by 237.
17
What is the remainder when 1489245 is divided by 744596?
53
What is the remainder when 6182703 is divided by 1115?
28
Calculate the remainder when 30756 is divided by 30700.
56
What is the remainder when 549705 is divided by 274815?
75
What is the remainder when 44082 is divided by 621?
612
Calculate the remainder when 8495406 is divided by 281.
214
Calculate the remainder when 7953 is divided by 7273.
680
Calculate the remainder when 179451 is divided by 16285.
316
Calculate the remainder when 20428397 is divided by 38617.
4
What is the remainder when 11119 is divided by 1256?
1071
What is the remainder when 119387251 is divided by 976?
3
Calculate the remainder when 30713 is divided by 106.
79
Calculate the remainder when 13792615 is divided by 4380.
4375
Calculate the remainder when 492368720 is divided by 31.
29
What is the remainder when 3964578 is divided by 23596?
450
What is the remainder when 2137 is divided by 1537?
600
Calculate the remainder when 782414 is divided by 97799.
22
Calculate the remainder when 3426843 is divided by 514.
5
Calculate the remainder when 2758856 is divided by 2758723.
133
What is the remainder when 9051128 is divided by 215502?
44
Calculate the remainder when 368043 is divided by 183982.
79
What is the remainder when 285161 is divided by 56931?
506
Calculate the remainder when 24244710 is divided by 8081570.
0
Calculate the remainder when 2838903 is divided by 48.
39
What is the remainder when 49722 is divided by 8?
2
What is the remainder when 21994714 is divided by 7331502?
208
Calculate the remainder when 51740424 is divided by 829.
47
What is the remainder when 28645 is divided by 633?
160
What is the remainder when 19679 is divided by 5955?
1814
What is the remainder when 24836 is divided by 6703?
4727
What is the remainder when 141958 is divided by 69365?
3228
What is the remainder when 207904 is divided by 4543?
3469
Calculate the remainder when 10033094 is divided by 12781.
9
Calculate the remainder when 1418422 is divided by 204.
10
What is the remainder when 315503 is divided by 63089?
58
What is the remainder when 3529352 is divided by 1742?
60
What is the remainder when 2118 is divided by 1062?
1056
Calculate the remainder when 7008 is divided by 3351.
306
Calculate the remainder when 95043 is divided by 1462.
13
What is the remainder when 4866462 is divided by 2433231?
0
Calculate the remainder when 5026057 is divided by 7413.
43
Calculate the remainder when 539097 is divided by 35939.
12
Calculate the remainder when 50613646 is divided by 37603.
8
What is the remainder when 3360734 is divided by 59?
35
What is the remainder when 15625654 is divided by 2677?
5
Calculate the remainder when 183500 is divided by 256.
204
What is the remainder when 1612896 is divided by 536917?
2145
Calculate the remainder when 1427348 is divided by 15685.
13
What is the remainder when 277125 is divided by 55384?
205
What is the remainder when 218773871 is divided by 216?
215
Calculate the remainder when 12599276 is divided by 9237.
8
Calculate the remainder when 21806888 is divided by 122.
120
What is the remainder when 5978972 is divided by 6499?
6391
Calculate the remainder when 31427 is divided by 767.
747
Calculate the remainder when 47270 is divided by 46564.
706
What is the remainder when 1103550 is divided by 88?
30
Calculate the remainder when 3757446 is divided by 4203.
4167
Calculate the remainder when 12255 is divided by 233.
139
What is the remainder when 15336 is divided by 992?
456
Calculate the remainder when 13416970 is divided by 27.
22
Calculate the remainder when 1008680 is divided by 100850.
180
Calculate the remainder when 9677096 is divided by 302409.
8
Calculate the remainder when 29465811 is divided by 42.
39
What is the remainder when 15121238 is divided by 5040412?
2
What is the remainder when 26240132 is divided by 155267?
9
Calculate the remainder when 2080478 is divided by 475.
453
What is the remainder when 5755789 is divided by 34?
31
Calculate the remainder when 10741968 is divided by 1074195.
18
Calculate the remainder when 1055878 is divided by 3257.
610
Calculate t